u**2 + 111*u - 399. Calculate i(-38).
-285
Let p(d) = 3*d**3 + d**2 - 10*d - 6. Give p(2).
2
Let d(w) = w**2 - 2189*w + 1132651. Calculate d(1350).
1
Let b(v) = -5*v**2 + 186*v - 1861. Determine b(33).
-1168
Let p(c) = 15*c**2 - 195*c + 1105. What is p(18)?
2455
Let n(y) = 6*y**2 + 7575*y + 60540. Calculate n(-8).
324
Let a(m) = 13*m**2 + 169*m - 488. Calculate a(3).
136
Let w(c) = c**3 + 33*c**2 + 83*c - 17. Give w(-3).
4
Let d(w) = -5599*w + 9417525. Give d(1682).
7
Let s(a) = 8433*a - 101192. Give s(12).
4
Let n(o) = -6991*o - 21052. Determine n(-3).
-79
Let i(p) = p**3 - 3*p**2 + 211920*p - 1059621. Determine i(5).
29
Let q(i) = -377*i - 2428. Determine q(-2).
-1674
Let l(a) = 161*a + 23668. What is l(-147)?
1
Let g(r) = 5*r**2 - 1401*r - 24930. Give g(297).
18
Let f(o) = -22*o**3 - o**2 + 56853*o + 56855. Calculate f(-1).
23
Let o(f) = -130*f - 16283. What is o(-123)?
-293
Let m(c) = -c**3 - 33*c**2 + 155*c + 6689. Calculate m(-31).
-38
Let w(i) = -i**3 + 16*i**2 + 126*i - 5. Give w(21).
436
Let m(f) = 219*f**2 - 4616*f + 305. What is m(21)?
-52
Let d(l) = -2586*l + 31177. Calculate d(12).
145
Let w(m) = -13308*m - 26034. What is w(-2)?
582
Let y(m) = 39*m**2 - 2738*m - 16386. Determine y(-6).
1446
Let s(g) = 228*g**2 + 1041*g + 2085. Determine s(-2).
915
Let d(h) = 2981*h - 107311. Give d(36).
5
Let d(p) = 2*p**3 - 36*p**2 - 791*p + 14262. Determine d(18).
24
Let m(f) = 1657*f + 7943. Calculate m(-5).
-342
Let g(z) = -10*z**2 + 71*z + 171. Determine g(16).
-1253
Let s(t) = 13075*t + 8721020. Calculate s(-667).
-5
Let c(g) = 135*g - 12188. Calculate c(86).
-578
Let a(r) = 2*r**3 - 573*r**2 - 1448*r + 807. Give a(289).
-60
Let v(c) = c**3 + 4*c**2 + 730*c + 13348. Calculate v(-15).
-77
Let y(c) = -4*c**3 + 59*c**2 + 412*c + 97. What is y(20)?
-63
Let l(j) = 2242*j + 60498. Give l(-27).
-36
Let n(t) = -5*t**2 + 7103*t + 28500. What is n(-4)?
8
Let k(o) = 114*o**3 - 9461*o**2 - 239*o + 12950. Determine k(83).
2
Let w(y) = 4*y**2 - 9940*y - 49804. Give w(-5).
-4
Let y(j) = -2*j**3 + 6*j**2 + 296*j - 189. Calculate y(-11).
-57
Let g(o) = 224*o - 4307. Calculate g(25).
1293
Let c(m) = 3*m**2 - 26490*m + 370301. Calculate c(14).
29
Let b(f) = -76*f**2 + 3374*f - 1308. Calculate b(44).
12
Let t(j) = j**2 - 103*j - 553. What is t(-13)?
955
Let f(z) = -11*z**2 + 551*z - 126. Determine f(52).
-1218
Let h(m) = -m**2 + 18143*m + 417817. Give h(-23).
-1
Let h(c) = c**3 + 84*c**2 - 24040*c - 2084561. Give h(-88).
-17
Let u(z) = z**3 - 34*z**2 + 166*z + 41. Determine u(29).
650
Let v(u) = -u**2 + 87*u + 296. What is v(85)?
466
Let l(g) = -47*g**2 + 61303*g + 61301. Determine l(-1).
-49
Let q(v) = 434000*v + 2169994. Calculate q(-5).
-6
Let g(d) = -d**2 + 831*d - 95335. What is g(136)?
-815
Let n(o) = -23224*o + 2833348. What is n(122)?
20
Let b(l) = l**3 - 78*l**2 - 156*l - 295. What is b(80)?
25
Let d(w) = w**3 + 55*w**2 + 155*w - 3611. What is d(-11)?
8
Let c(d) = 935*d + 10207. Give c(-11).
-78
Let z(s) = 16*s**2 - 3*s - 252. What is z(-6)?
342
Let t(b) = 2179*b**3 - 57*b**2 + 79*b - 22. Give t(1).
2179
Let k(q) = 45*q**2 + 3726*q + 11171. Calculate k(-3).
398
Let c(i) = -i**3 - 95*i**2 + 475*i - 2489. Calculate c(-100).
11
Let c(o) = -3*o**3 - 7*o**2 - 203*o - 194. Give c(-1).
5
Let d(h) = 8*h**3 - 23*h**2 - 2405*h + 7208. Calculate d(3).
2
Let t(g) = 2*g**3 - 182*g + 602. What is t(7)?
14
Let k(n) = -1415*n + 437237. Give k(309).
2
Let n(v) = 458*v**2 + 6841*v - 293. Give n(-15).
142
Let z(r) = -16800*r - 6216025. Determine z(-370).
-25
Let b(d) = -d**3 + 59*d**2 - 79*d + 1218. Determine b(58).
0
Let s(n) = -4*n**2 + 1003*n - 14039. Calculate s(236).
-115
Let i(c) = -17*c**3 + 219*c**2 - 7*c - 28. Give i(13).
-457
Let a(w) = 23*w**3 + 206*w**2 + 120*w + 1164. What is a(-9)?
3
Let n(x) = 10074*x + 1541301. What is n(-153)?
-21
Let o(c) = -43310*c + 433102. Calculate o(10).
2
Let g(w) = 2698*w - 474876. Calculate g(176).
-28
Let s(o) = 21*o**3 + 8*o**2 - 1059*o - 1056. Calculate s(-1).
-10
Let y(q) = -q**2 - 127565*q - 765352. Calculate y(-6).
2
Let l(z) = -7065*z - 4330813. What is l(-613)?
32
Let r(q) = 4*q**2 + 383*q + 5542. What is r(-78)?
4
Let n(c) = c**2 + 49*c - 460. Determine n(12).
272
Let z(p) = -p**3 - 36*p**2 + 826*p + 99. Determine z(16).
3
Let m(l) = 2*l**3 - 377*l**2 + 1709*l - 76528. Determine m(185).
62
Let w(c) = 22*c**3 - 112*c**2 + 52*c + 15. What is w(7)?
2437
Let s(d) = -594*d + 183540. Calculate s(309).
-6
Let l(p) = -499*p**2 - 2495*p + 14. Calculate l(-5).
14
Let k(i) = 5*i**2 - 360*i - 541. Give k(68).
-1901
Let p(b) = b**2 + 895*b - 18471. Calculate p(20).
-171
Let m(y) = y**2 + 3482*y + 252252. What is m(-74)?
60
Let q(s) = 52*s + 4964. Give q(-98).
-132
Let f(v) = -98*v**3 - 10296*v**2 - 641*v - 1162. What is f(-105)?
-7
Let f(l) = -457692*l + 2288469. Calculate f(5).
9
Let m(u) = -95637*u - 35863881. Determine m(-375).
-6
Let y(f) = -f**3 - 170*f**2 - 5113*f - 207. What is y(-39)?
-51
Let d(r) = -244526*r - 489035. Calculate d(-2).
17
Let j(x) = 48718*x - 243664. Calculate j(5).
-74
Let q(y) = -206*y + 831. Give q(8).
-817
Let q(o) = -2*o**3 - 155*o**2 - 101*o - 26890. Give q(-79).
-188
Let a(x) = -x**3 + 31*x**2 - 546*x + 15492. What is a(30)?
12
Let b(l) = 34832*l - 348424. Calculate b(10).
-104
Let q(g) = 7*g**2 - 131*g + 405. Give q(5).
-75
Let p(m) = m**2 + 411*m - 388758. Calculate p(451).
4
Let y(w) = w**3 - 35*w**2 - 460*w + 17695. Give y(32).
-97
Let i(b) = -45107*b - 586409. Determine i(-13).
-18
Let z(d) = -60*d**2 - 1627*d - 7562. Determine z(-6).
40
Let n(k) = -4*k**3 + 749*k**2 - 188*k + 100. What is n(187)?
-87
Let j(i) = 16*i**2 + 5524*i - 41. Give j(0).
-41
Let d(a) = -844*a**2 + 15182*a + 138. What is d(18)?
-42
Let u(v) = 4*v**2 + 126*v + 502. Give u(-38).
1490
Let v(d) = -d**3 + 62*d**2 + 362*d - 22444. What is v(62)?
0
Let k(s) = 8*s**2 + 31*s - 1256. Calculate k(-16).
296
Let s(o) = 3789*o - 3295. Give s(0).
-3295
Let q(f) = 2413*f - 58402. What is q(24)?
-490
Let x(d) = -3*d**2 - 115*d - 1180. Determine x(-27).
-262
Let l(j) = -3*j**2 - 130*j + 2966. Give l(-55).
1041
Let t(l) = -10544*l + 16. Give t(0).
16
Let x(r) = -r**2 - 28*r + 45491. Determine x(-223).
2006
Let q(a) = a**2 + 154*a + 4135. Give q(-35).
-30
Let w(b) = -3430*b + 1196922. What is w(349)?
-148
Let i(q) = q**3 - 58*q**2 + 32*q - 5440. Give i(59).
-71
Let h(m) = 55301*m + 1050710. Determine h(-19).
-9
Let w(i) = -2*i**3 - 113*i**2 + 58*i + 4. Calculate w(-57).
-53
Let i(u) = 3*u**2 - 243*u - 135. Give i(84).
621
Let b(p) = 8966*p - 268953. Determine b(30).
27
Let q(y) = y**3 + 258*y**2 - 1819*y + 9290. Determine q(-265).
-250
Let m(i) = -6*i**3 + 97*i**2 + 6*i - 718. What is m(16)?
-366
Let w(g) = -6*g**2 - 2515*g + 57752. Give w(-441).
-19
Let j(o) = -137*o**2 - 304*o + 301. Calculate j(1).
-140
Let d(s) = 12643*s**2 - 37944*s - 16. Calculate d(3).
-61
Let l(m) = 902*m + 41279. What is l(-45)?
689
Let a(q) = -2*q**3 - 4130*q**2 + 129953*q - 67. Calculate a(31).
-36
Let i(h) = -1891*h - 15433. What is i(-8)?
-305
Let z(q) = -46*q**2 + 4788*q - 9580. Calculate z(2).
-188
Let b(a) = 170481*a + 341170. Give b(-2).
208
Let l(w) = 96*w**2 - 500*w + 326. Calculate l(4).
-138
Let w(s) = 9*s**2 + 160*s + 394. Calculate w(-17).
275
Let w(g) = 26*g**2 + 384*g - 198. What is w(-17)?
788
Let j(f) = 127099*f - 5719458. Determine j(45).
-3
Let m(o) = -37690*o + 113017. What is m(3)?
-53
Let v(j) = 39*j + 2. Calculate v(23).
899
Let x(l) = -284*l - 61973. Give x(-218).
-61
Let w(a) = 5980*a - 729536. Determine w(122).
24
Let v(t) = -27123*t - 135802. Determine v(-5).
-187
Let n(u) = -u**3 - 34*u**2 - 43*u + 10. Determine n(9).
-3860
Let h(s) = -s**3 + 13*s**2 - 66*s + 65. What is h(5)?
-65
Let o(y) = -y**3 + 85*y**2 + 360*y - 49. Calculate o(89).
307
Let i(c) = -53*c**3 + 3*c**2 - 95*c - 195. Give i(-2).
431
Let c(v) = 11080*v + 232679. Give c(-21).
-1
Let h(l) = -l**2 - 15993*l - 1873237. What is h(-118)?
13
Let w(j) = -10*j**2 - 370*j - 2899. Calculate w(-11).
-39
Let z(b) = -414*b - 12225. Calculate z(-30).
195
Let s(q) = 9955*q + 19794. Calculate s(-2).
-116
Let d(p) = p**3 + 19*p**2 + 2*p - 767. What is d(-14)?
185
Let y(v) = 4*v**3 - 1422*v**2 - 711*v - 405. Determine y(356).
-49
Let a(d) = 164*d - 1330. Calculate a(8).
-18
Let b(y) = 2